2560?
20
Calculate the greatest common factor of 4296 and 36.
12
What is the greatest common factor of 40 and 1080?
40
What is the greatest common factor of 16 and 52?
4
Calculate the highest common factor of 145 and 7395.
145
What is the highest common divisor of 7317 and 271?
271
What is the greatest common factor of 282 and 423?
141
Calculate the highest common factor of 84 and 384.
12
Calculate the highest common factor of 27 and 459.
27
Calculate the highest common factor of 18225 and 18.
9
Calculate the greatest common divisor of 91 and 44135.
91
Calculate the highest common divisor of 476 and 84.
28
Calculate the greatest common divisor of 122537 and 181.
181
Calculate the greatest common factor of 28 and 2506.
14
What is the greatest common factor of 456 and 133?
19
What is the highest common divisor of 444 and 16576?
148
Calculate the greatest common divisor of 60 and 13305.
15
Calculate the greatest common divisor of 72 and 72.
72
What is the greatest common divisor of 440 and 200?
40
What is the highest common divisor of 20 and 540?
20
Calculate the greatest common factor of 198 and 22.
22
What is the greatest common divisor of 1287 and 1573?
143
Calculate the greatest common factor of 621 and 15732.
207
Calculate the highest common factor of 32 and 21152.
32
What is the highest common factor of 168 and 408?
24
Calculate the greatest common divisor of 700 and 28.
28
What is the highest common factor of 37 and 1628?
37
Calculate the highest common factor of 873 and 97.
97
Calculate the highest common factor of 29 and 11107.
29
Calculate the highest common divisor of 4 and 3308.
4
What is the highest common divisor of 42 and 448?
14
Calculate the greatest common divisor of 492 and 2706.
246
What is the greatest common divisor of 385 and 1617?
77
Calculate the highest common factor of 39 and 1768.
13
What is the highest common divisor of 1 and 569?
1
Calculate the greatest common factor of 12 and 2724.
12
What is the greatest common factor of 2485 and 35?
35
Calculate the greatest common divisor of 135 and 243.
27
What is the greatest common factor of 1065 and 7881?
213
What is the highest common divisor of 1364 and 308?
44
Calculate the highest common divisor of 17120 and 160.
160
What is the highest common factor of 238 and 17?
17
Calculate the highest common factor of 1264 and 79.
79
What is the greatest common divisor of 40 and 310?
10
What is the highest common factor of 2 and 9874?
2
What is the greatest common factor of 217 and 245?
7
Calculate the highest common divisor of 57 and 627.
57
Calculate the highest common factor of 351 and 156.
39
What is the highest common divisor of 2376 and 189?
27
What is the greatest common factor of 270 and 150?
30
Calculate the greatest common factor of 90 and 108.
18
Calculate the greatest common divisor of 77 and 649.
11
What is the highest common divisor of 1 and 431?
1
What is the greatest common divisor of 18 and 102?
6
What is the highest common divisor of 17540 and 20?
20
What is the highest common divisor of 10 and 5150?
10
What is the highest common divisor of 140 and 4?
4
What is the greatest common divisor of 328 and 8610?
82
Calculate the greatest common divisor of 22 and 3674.
22
What is the highest common divisor of 117 and 52?
13
What is the highest common factor of 3937 and 62?
31
What is the greatest common divisor of 256 and 4?
4
What is the greatest common divisor of 81 and 216?
27
What is the highest common divisor of 90 and 1?
1
Calculate the greatest common factor of 216 and 192.
24
What is the highest common factor of 651 and 56?
7
What is the highest common divisor of 14 and 686?
14
Calculate the greatest common factor of 6 and 402.
6
Calculate the highest common factor of 82 and 2788.
82
Calculate the highest common divisor of 8 and 581.
1
Calculate the greatest common factor of 62 and 589.
31
Calculate the highest common divisor of 242 and 22.
22
Calculate the highest common factor of 966 and 42.
42
Calculate the highest common divisor of 123 and 5043.
123
What is the greatest common factor of 96 and 3?
3
What is the greatest common factor of 832 and 650?
26
Calculate the highest common divisor of 36 and 3636.
36
Calculate the highest common divisor of 260 and 845.
65
Calculate the greatest common factor of 5336 and 174.
58
Calculate the highest common factor of 144 and 216.
72
What is the greatest common divisor of 171 and 6213?
57
Calculate the highest common divisor of 63 and 105.
21
Calculate the highest common divisor of 2948 and 469.
67
What is the greatest common factor of 17 and 221?
17
Calculate the highest common divisor of 252 and 14196.
84
What is the greatest common divisor of 5808 and 48?
48
Calculate the greatest common divisor of 188 and 235.
47
What is the highest common factor of 10246 and 188?
94
What is the greatest common divisor of 1098 and 122?
122
Calculate the highest common divisor of 184 and 1909.
23
What is the highest common factor of 119 and 3332?
119
Calculate the highest common divisor of 14 and 98.
14
What is the greatest common divisor of 25 and 400?
25
What is the highest common divisor of 1080 and 80?
40
What is the highest common divisor of 340 and 20?
20
Calculate the highest common factor of 1510 and 30.
10
Calculate the greatest common factor of 63087 and 51.
51
Calculate the highest common factor of 28 and 4116.
28
Calculate the highest common factor of 46 and 1058.
46
Calculate the highest common factor of 1640 and 5.
5
Calculate the greatest common factor of 15678 and 104.
26
Calculate the highest common factor of 4293 and 159.
159
Calculate the greatest common factor of 451 and 11.
11
Calculate the highest common factor of 9 and 384.
3
What is the highest common factor of 803 and 11?
11
Calculate the greatest common factor of 13580 and 5.
5
Calculate the greatest common divisor of 11 and 77.
11
Calculate the highest common divisor of 1048 and 8.
8
What is the greatest common divisor of 50 and 3500?
50
Calculate the greatest common factor of 430 and 610.
10
What is the greatest common factor of 351 and 52?
13
What is the greatest common factor of 987 and 21?
21
What is the highest common divisor of 5643 and 38?
19
Calculate the greatest common divisor of 5621 and 35.
7
Calculate the greatest common factor of 14 and 10346.
14
What is the highest common divisor of 765 and 15?
15
Calculate the greatest common factor of 7710 and 40.
10
Calculate the greatest common divisor of 4644 and 172.
172
Calculate the greatest common divisor of 324 and 300.
12
Calculate the greatest common divisor of 378 and 210.
42
Calculate the greatest common divisor of 153 and 576.
9
Calculate the highest common factor of 16 and 152.
8
What is the highest common factor of 81 and 1944?
81
What is the highest common factor of 611 and 26?
13
Calculate the highest common factor of 3 and 810.
3
What is the greatest common divisor of 3199 and 7?
7
What is the highest common divisor of 21 and 105?
21
Calculate the greatest common divisor of 105 and 1015.
35
What is the greatest common divisor of 779 and 38?
19
What is the highest common divisor of 4598 and 3388?
242
Calculate the greatest common factor of 812 and 8.
4
What is the highest common divisor of 952 and 112?
56
Calculate the greatest common divisor of 76 and 437.
19
Calculate the greatest common divisor of 4 and 123.
1
What is the greatest common divisor of 1010 and 808?
202
What is the highest common factor of 4032 and 28?
28
Calculate the highest common divisor of 20 and 1180.
20
What is the greatest common factor of 1662 and 54?
6
What is the highest common factor of 13 and 117?
13
What is the greatest common divisor of 25 and 50?
25
Calculate the highest common factor of 10 and 5585.
5
Calculate the highest common divisor of 122 and 8.
2
What is the greatest common factor of 169 and 30589?
169
What is the highest common factor of 1485 and 180?
45
What is the highest common divisor of 4350 and 3450?
150
Calculate the greatest common divisor of 26 and 2.
2
Calculate the greatest common divisor of 1225 and 1750.
175
Calculate the highest common divisor of 324 and 756.
108
What is the greatest common divisor of 12 and 5766?
6
What is the highest common divisor of 515 and 20?
5
What is the greate